s c(m)?
13
Suppose 0 = -2*b - 1 - 7. Let s be (-7)/2 - (-2)/b. Let j be s/(-18) + 16/9. Let w(y) = -3*y + 2. What is w(j)?
-4
Let f(q) = -q**2 - 3*q + 24. Let d be f(-7). Let h(c) = -c**3 - 5*c**2 + c - 3. What is h(d)?
-23
Suppose 3*q + 0*q - i = 20, 0 = q + 4*i + 15. Suppose -w + 4*w - q*d = 0, -6 = -2*d. Let n(g) = 2*g - 4 + 2*g - 5*g + w. Determine n(-5).
6
Let y(r) be the second derivative of -r**3 - r**2/2 - 12*r. Determine y(2).
-13
Let g(v) = v**2 - 5*v + 6. Let i be g(4). Let t(j) be the first derivative of j**4/4 - 2*j**3/3 - j**2/2 - 2*j + 3. What is t(i)?
-4
Suppose 8*u + 52 - 4 = 0. Let s(c) = -c**3 - 6*c**2 - c + 1. Determine s(u).
7
Let z(q) be the first derivative of q**4/4 + q**3/3 + q**2/2 - 3*q - 45. Give z(0).
-3
Let k be (-4)/(-1)*(-2)/(-2). Suppose -4*o + 2*r + 14 = 0, -15 = o - 6*o + 5*r. Let c = k - o. Let m(v) = -v**3 + v**2 - 8. Calculate m(c).
-8
Let k(h) = -3*h**2 + h - 52*h**3 - 4 + 53*h**3 + 8*h**2. What is k(-4)?
8
Let m(h) be the first derivative of 2*h**2 - 3*h + 8. Let j(w) = w - 1. Let y(b) = 6*j(b) - 2*m(b). Determine y(3).
-6
Let w(f) = f**3 - 6*f**2 + f + 2. Suppose -17 = -4*s + 7. Give w(s).
8
Let r(s) = -4*s**2 - s - 3. Let n(x) = -5*x**2 + x - 3. Let w(j) = 3*n(j) - 4*r(j). Suppose 0*i + 8 = -2*i. Calculate w(i).
-9
Let t(y) be the second derivative of -y**6/72 - y**5/120 - y**4/4 + 4*y. Let m(u) be the third derivative of t(u). Calculate m(-1).
9
Let m(n) = -5*n**2 - 2*n + 2. Suppose -3 = -d - 5. Calculate m(d).
-14
Let v(r) = -3*r - 13. Let h be v(-10). Let f(b) = -9 + 20*b + h*b - 12*b. Let o(t) = -6*t + 2. Let w(x) = -2*f(x) - 9*o(x). Give w(1).
4
Let q(j) = j**2 - 6*j + 2. Let a be (-2)/11 + (-204)/(-33). Let m be q(a). Let c(l) = -l**2 - l. What is c(m)?
-6
Suppose -2*s + 10 = 2*d, 0 = s + 4*s - 15. Let l(b) = -3*b**d - 4*b + 2 + 5*b**2 - 3*b**2. Calculate l(-5).
-3
Let u(d) = -4*d + d - d**2 + 4 - 2. Let i(q) = q**3 - 3*q**2 + 3*q + 3. Let p be i(3). Suppose 4*h + p = -4. Determine u(h).
-2
Let b = 16 - 14. Suppose -m = b*m - 6. Let g(z) = z**2 + 2*z - 2. Give g(m).
6
Let z(m) = -10*m**2 + 0 + m**3 - 1 - 8. Give z(10).
-9
Let f(c) = c**3 + 4*c**2 - c - 1. Let w(g) = g**3 + 5*g**2 - 3. Let v be w(-5). Calculate f(v).
11
Let y(r) = 10*r - 2. Let m(t) = 4*t - 1. Let h(l) = -12*m(l) + 5*y(l). Calculate h(-4).
-6
Let x(o) = 8*o**3 - 7*o**3 + o**2 + 7 + 3. Determine x(0).
10
Let s(k) = -2*k + 17. Let t be s(9). Let b be (-6)/(-6)*2*t. Let j(u) = 2*u**3 + 2*u**2 + 4*u + 3. Calculate j(b).
-13
Let m be 0 + -2 + (-12)/(-2). Let x(o) = m*o**2 + o - 5*o + 7 - 3*o**2 - 3*o. What is x(6)?
1
Suppose 3*k + 2*k = 10. Suppose 0 = -3*w, -k = -m - 4*w + 3*w. Let z(y) = 0*y**2 + 4*y**m + y**2. Calculate z(-1).
5
Let g = 7 + -13. Let m(b) be the second derivative of b**3/3 + 7*b**2/2 + 23*b. Give m(g).
-5
Suppose -12 = -3*a - 6. Let m(i) be the first derivative of -3*i**2/2 + 1. Give m(a).
-6
Let y(o) = -12*o. Let s be (-15)/(-3) - 20/5. Calculate y(s).
-12
Let o(t) = 6*t - 1. Let z = 10 + -9. Determine o(z).
5
Let z(k) = -k - 3. Let b(i) = 6*i + 14. Let u(c) = 3*b(c) + 14*z(c). What is u(1)?
4
Suppose 2*f + 2*f = 2*h + 2, -f = 2*h - 8. Suppose -5*w = -4*r + 10, 4*r - 6*r = h*w + 28. Let q(k) = -k**2 - 6*k - 5. Determine q(w).
-5
Let c(p) = -3*p**2 + 228 + 2*p**2 - 227 - 8*p. What is c(-8)?
1
Suppose 11 = 5*l + 4*q, -5*l + q + 2*q + 18 = 0. Suppose -l*b + 5*b = 2, -3*f = -b - 5. Let r(v) = v - f + 2*v - v. Give r(5).
8
Let m(j) = 6*j + 0*j**2 + j**2 - 4*j**2 + 4*j**2 - 10. Let q be m(-7). Let g(w) = 2*w**2 + w - 1. Calculate g(q).
14
Let o(s) be the second derivative of s**8/6720 - s**7/840 - s**6/360 - s**5/30 + s**4/3 - 5*s. Let w(q) be the third derivative of o(q). Give w(3).
-10
Suppose -32 = 2*l - 26. Let z(k) = -5*k + 1. What is z(l)?
16
Let a(q) = -q**3 - 6*q**2 - 4*q - 1. Suppose 2*k = 4*k + 2. Let i be (k/1)/(1/(-5)). Suppose c + 17 = 5*u - u, i*c - 2*u = -31. Give a(c).
-6
Let k = -9 + 4. Let y be -3 - ((-6 - 1) + 2). Let t(r) = -1 - r + 6 + y*r. Calculate t(k).
0
Let z(s) be the second derivative of s**5/20 - s**4/4 - s**3/6 - 3*s**2/2 + 6*s. Calculate z(4).
9
Let n(w) be the third derivative of w**6/120 + 11*w**5/60 + 5*w**4/12 - w**3/3 + 45*w**2. Calculate n(-10).
-2
Let q(i) = 25*i + 11. Let x(r) = -r - 2. Let u(m) = -q(m) - 6*x(m). Calculate u(-1).
20
Suppose 0*u = -u + 3. Suppose u*q = -q. Let y(z) = z**3 + z**2 + z + 6. Determine y(q).
6
Let s = -155 - -159. Let l(p) be the second derivative of p**5/20 - 5*p**4/12 + 5*p**3/6 - p**2 - p. Calculate l(s).
2
Let c(l) = -1 - 2*l - 3 + 3*l. Let a be c(6). Suppose 1 = a*h + 3. Let w(t) = -6*t. Give w(h).
6
Let p(m) be the second derivative of m**3/3 + m**2/2 - m. Let n be p(2). Suppose 6 = n*b + 1. Let h(y) = -6*y + 1. Determine h(b).
-5
Suppose -2*h - 2*h = 3*x + 15, 5*h + 18 = -3*x. Let z(u) be the third derivative of u**5/60 + u**4/12 + u**3/6 + 2*u**2. What is z(h)?
4
Let p(v) = v**2 - 4*v - 2. Let b(k) = -k**3 - 4*k**2 - k + 2. Suppose 15 = -5*a - 5. Let m be b(a). Calculate p(m).
10
Let p = -20 - -20. Let t(r) = 3*r**2 + 4*r - 1. Let y(k) = 4*k**2 + 5*k - 1. Let w(c) = 5*t(c) - 4*y(c). What is w(p)?
-1
Let v(l) be the second derivative of -l**3/6 - l**2/2 - 11*l. Let w = 4 + -6. Calculate v(w).
1
Let m(g) = -3*g**2 + 7*g - 5. Let o(r) = 4*r**2 - 8*r + 6. Let y(w) = 5*m(w) + 4*o(w). Let j(u) be the first derivative of y(u). Calculate j(-5).
-7
Let t(p) be the first derivative of p**4/4 - p**3 - 3*p**2/2 - 3*p + 39. What is t(3)?
-12
Let u be 0 + (0 - 0)/2. Let g(r) = -3*r**3 - r**2 + 5*r**3 + r - 1 - r**3 - 1. Determine g(u).
-2
Suppose -11*j - 144 = 7*j. Let y(q) = -q**3 - 8*q**2 - 2*q - 3. What is y(j)?
13
Let s(p) = 1 + 9*p + 0*p**2 + 2*p**2 - 3*p**2. Let o be s(8). Suppose 0 = 2*u - o - 1. Let r(y) = y - 4. Determine r(u).
1
Let i(g) = -2*g**2 - 6*g - 5. Let q be (60/6 + -5)*2/(-2). Determine i(q).
-25
Let h(q) = q**2 - 3*q - 1. Let n be h(2). Let r = n - -7. Let s(b) be the third derivative of -b**5/30 + 7*b**4/24 - 5*b**3/6 - b**2. Determine s(r).
-9
Let h(f) = f**2 - 6*f + 3. Suppose x - 11 = -3*c - 2, -2*c - 2*x + 2 = 0. Determine h(c).
-5
Let t(c) = 3*c - 1135 - c**2 + 1131 + 2*c**2. Calculate t(-4).
0
Let b = 11 + -10. Let t(i) = 7*i + 0 - b - 2*i. Calculate t(1).
4
Suppose -2*q - 3*q = 25. Let d(x) = x**2 + 3*x - 3. Calculate d(q).
7
Let t(y) = y - 6. Suppose -15 = v - 1. Let n be (v/8)/(5/20). Let m = n + 7. Calculate t(m).
-6
Let m(j) = -4*j**3 + 2*j**2 - j. Let q be m(1). Let n = -6 - q. Let u(h) = h**2 + 2*h + 1. Give u(n).
4
Let p = -1 - -2. Suppose 4*d = 7 + 1. Let i(o) = p + o**2 - 2*o**d + 3. Calculate i(-3).
-5
Let n(m) = 11*m + 6. Let v(j) = -5*j - 3. Let z(t) = 2*n(t) + 5*v(t). What is z(4)?
-15
Let v(c) be the first derivative of -c**5/2 + c**4/12 + c**3/6 + c**2/2 - 3*c - 3. Let i(g) be the first derivative of v(g). Determine i(-1).
11
Let v(p) = p + 2*p - 7*p + 5. Let f(y) = -5*y + 5. Let c(d) = 5*f(d) - 6*v(d). Calculate c(0).
-5
Let x(k) = 0*k - 1 - 4*k - k**3 - 3 + 5*k**2 + 6. What is x(4)?
2
Let o(t) = -2*t + 2. Let m be o(0). Let i be (-1 - (2 + -3))/(-1). Let v = i - m. Let l(h) = h**3 - h**2 - 3*h - 1. Give l(v).
-7
Let c(b) = b**3 + 3*b**2 - 3*b. Let g = -48 + 216. Let t be g/(-40) - (-2)/10. What is c(t)?
-4
Let g = 154 + -147. Let o(n) = n**3 - 6*n**2 - 5*n - 5. Calculate o(g).
9
Let c(j) = -153*j + 70*j + 79*j - 1. Give c(-3).
11
Let c(y) = 3*y**2 - 44*y - 15. Let q(r) = -r**2 + 15*r + 5. Let b(l) = 3*c(l) + 8*q(l). Let m(x) = x + 1. Let h(g) = b(g) + 6*m(g). Determine h(5).
-4
Let d(t) = 4*t. Let x be d(1). Suppose 2*o + x = 6*o. Let z(j) = -4*j + 11*j + 1 - 6*j + 7*j. Calculate z(o).
9
Let u(c) be the third derivative of 0 + 4/3*c**3 + 0*c - 6*c**2 + 1/24*c**4. Give u(0).
8
Let o(m) be the second derivative of -4/3*m**3 + 7/2*m**2 + 1/12*m**4 + 0 - 2*m. Determine o(6).
-5
Suppose -4*w + 10*h - 5*h = 4, 3*h = w + 8. Let u(a) = 3*a + 14. Let y(q) = q + 5. Let b(g) = w*u(g) - 11*y(g). Determine b(6).
7
Let s = 6 + -5. Suppose s = c + 4, c - 6 = 3*n. Let y(p) = p. Let w be y(n). Let b(q) = q - 1. Determine b(w).
-4
Let i(f) = 2*f - 1. Let q be i(2). Suppose q*n = 2*n + 4. Let z(a) = a**3 - 4 + n - 5 - 3*a**2 - 2*a. Calculate z(4).
3
Let j(g) = -g + 8. Let y = 3 - 3. Calculate j(y).
8
Let i be ((-1440)/28)/6 - 3/7.